m + 2. Calculate the remainder when l(-19) is divided by k(-8).
6
Let q = -982 - -1012. What is the remainder when q is divided by 16?
14
Let w be (-13)/(-2) + 6/(-12). Suppose -w*z + 2*z = -860. Suppose n - 6*n = -z. Calculate the remainder when n is divided by 15.
13
Let i(j) = -j**3 - 9*j**2 - 11*j - 1. Suppose 9*t + 43 = 10*t. What is the remainder when t is divided by i(-8)?
20
Suppose 4*w - 148 = 2*g, 5*w + 5*g - 246 = -46. What is the remainder when 43 is divided by w?
5
Suppose 45 + 129 = 2*x + 2*r, 0 = x + 4*r - 93. Suppose -7*m = -8*m + x. Calculate the remainder when m is divided by 22.
19
Let a = -236 + 300. Calculate the remainder when a is divided by 720/21 + 0 + 4/(-14).
30
Suppose -106 + 0 = -j. Calculate the remainder when j is divided by 16.
10
What is the remainder when (-5 - 4)*-35 - 1 is divided by 105?
104
Suppose 5*i + 4*f + 20 = 0, 0 = -3*i - i - 3*f - 15. Suppose -3*c + 137 = 2*g, 2*c = 2*g - i*g + 98. What is the remainder when 186 is divided by c?
45
Suppose 4*b - 3348 = 5*n, 2*n - 1652 = -2*b - n. What is the remainder when b is divided by 7?
6
Let t = -4 + 10. Calculate the remainder when 2/((-15)/(225/(-2))) is divided by t.
3
Let u(n) = -n**3 - 24*n**2 - 26*n - 23. What is the remainder when u(-23) is divided by 4?
2
Let x = 2 + 22. What is the remainder when (42/(-4))/(((-63)/x)/7) is divided by 15?
13
Suppose -3*b - 5*y = -0*y - 306, 0 = -3*b + 4*y + 279. What is the remainder when b is divided by 18?
7
Suppose -12 = -5*q - 3*y, 5*y + 25 = 4*q + 8. Calculate the remainder when 153 is divided by q.
0
Suppose 2*d = -4*a + 3*d + 33, 0 = -5*a - 5*d + 35. Let o(g) = g**2 - 5*g - 13. What is the remainder when o(a) is divided by 3?
2
Suppose 5*t - 42 - 61 = 3*n, -4*t + 82 = -2*n. What is the remainder when 35 is divided by t?
15
Suppose 2*k = g + 155, 3*k + 4*g - 237 = g. Suppose 4*p - 27 = -11. Suppose l + 5*n = 2, 0*n + 155 = 5*l - p*n. Calculate the remainder when k is divided by l.
24
Let v(r) = 4*r - 7. Let n be v(2). Suppose -4*s + 15 + n = 0. Let h = 31 - s. Calculate the remainder when 107 is divided by h.
26
Let b be 39/(-2)*(-112)/(-72)*3. Let p = -81 - b. Calculate the remainder when 39 is divided by p.
9
Let g(o) = -o**2 + 5*o - 4. Let j be g(4). Suppose 2*a + 2 - 58 = j. Suppose x - 110 + 1 = 0. What is the remainder when x is divided by a?
25
Let b = -97 + 103. What is the remainder when (b/4)/(((-10)/164)/(-5)) is divided by 31?
30
Let g(j) = 6*j**2 + 4*j + 8. Let y be g(-6). Let f = -38 + y. What is the remainder when (f/(-8))/((-6)/24) is divided by 21?
18
Let u(y) = y**3 + 33*y**2 - 3*y + 121. Calculate the remainder when u(-33) is divided by 70.
10
Suppose 5*b + 16 = 5*n + 171, 5*n + 10 = 0. Let c(l) = 3*l**2 - l - 2. Let u be c(-1). Calculate the remainder when b is divided by 0 - ((-11 - 1) + u).
9
Let d(f) = -5*f**3 + 2*f + 1. Let q be d(-1). Suppose -q*p + 19 - 7 = -2*m, -4 = m - p. Calculate the remainder when 66 is divided by m + (2 - 3) - -20.
15
Suppose -q + 25 = -5*i, 10 = 2*i - 7*i. Let z = -17 - -39. Suppose 0 = -7*y + 211 - z. Calculate the remainder when y is divided by q.
12
Let x(h) = 17*h + 10. Suppose 93 = 5*w - 2*w - 5*y, 2*w - 4*y - 64 = 0. Calculate the remainder when x(7) is divided by w.
25
Suppose 22 + 94 = 4*l. Suppose -3*s + 2*s = 16. Calculate the remainder when l is divided by ((-60)/s)/(6/16).
9
Let z(d) = d**2 + 14*d - 38. Let q be 4/6*(-663)/26. What is the remainder when 51 is divided by z(q)?
12
Let a(c) = -c**3 - 10*c**2 - 11*c - 15. What is the remainder when 74 is divided by a(-9)?
2
Let d = -1 + 3. Suppose 4*x - 5*i - 66 = 2*x, 5*x = d*i + 186. Suppose 5*n = -5*a + 40, 5*a - a - 19 = -3*n. Calculate the remainder when x is divided by n.
12
Suppose -3*v + 2 + 160 = 0. Suppose v = w - 10. What is the remainder when w is divided by 22?
20
Let t be (6/(-4))/((-3)/(-6)). Let s be (t/9)/((-1)/102). What is the remainder when 1/((-2)/(s*-1)) is divided by 10?
7
Let j(u) = 16*u + 39. Calculate the remainder when j(8) is divided by 58.
51
Suppose 0 = 12*x + 2300 - 2456. Calculate the remainder when x is divided by (-30)/(-4) - (-1)/(-2).
6
Let w(q) = -q. Let z be w(-7). Let u = 48 - z. Calculate the remainder when u is divided by 9.
5
Let u(c) = c**3 + 9*c**2 - 18*c - 39. What is the remainder when 301 is divided by u(-10)?
14
Let v = -22 - -31. Suppose 15 = 6*p - v. Calculate the remainder when 0 + 0 - (1 + -8) is divided by p.
3
Suppose -u = 2 + 3, 101 = 2*k - 5*u. What is the remainder when (-21 - (-5 + -10))/(4/(-74)) is divided by k?
35
Suppose -37*k - 513 = -46*k. What is the remainder when 339 is divided by k?
54
Suppose -3*d + 6*d = 96. Calculate the remainder when 124 is divided by d.
28
Let w = 2 - 3. What is the remainder when ((-954)/72)/(w/4*1) is divided by 28?
25
Let o(k) = 2*k + 24. Suppose 4*v = -5*c - 57, 0*c + 33 = -2*c - 5*v. What is the remainder when 7 is divided by o(c)?
1
Let n(s) = 2*s**2 + 11*s - 9. Let c(q) = q**2 + 4 - q + 7*q + 3*q + 1. Calculate the remainder when c(-13) is divided by n(-7).
9
Let d(m) = m**3 + 9*m**2 + 4*m - 46. Let b be d(-8). Let q be 1/3 - 119/(-3). Calculate the remainder when 48 is divided by (q/(-28))/(2/b).
8
Calculate the remainder when -23*((-30)/(-24) - (-51)/(-12)) is divided by 19.
12
Let g(i) = i**3 - 1071*i**2 + 3 + 46*i + 1096*i**2 + 2. Calculate the remainder when 14 is divided by g(-23).
4
Suppose 12*a - 42 = 5*a. Suppose a*j = j - 3*f + 67, j - 4*f + 5 = 0. Calculate the remainder when 42 is divided by j.
9
Suppose -5*r - 4*d + 69 = 0, 4*r - 2*d - d - 49 = 0. Let f = 3 + 60. Calculate the remainder when f is divided by r.
11
Let t = -24 - -29. Suppose -3*b - 41 = -t*m, -2*m + 4*m - 2*b = 18. What is the remainder when m is divided by 5?
2
Let d = 5 - -96. Let f = -90 + d. Calculate the remainder when 42 + (1 - 1) + 0 is divided by f.
9
Suppose 0 = -5*z - 20, t + t - 20 = 3*z. Suppose -t*v + 46 = -3*v. What is the remainder when v is divided by 13?
7
Suppose 4*g + 3*v - 92 = 0, -29*v = 4*g - 33*v - 92. What is the remainder when g is divided by 99/12 - 2/8?
7
Suppose -j - 4 = 0, 5*h - h = 3*j + 24. Suppose 24 = h*z - 45. Calculate the remainder when z is divided by 13.
10
Let g be 147/2 + 7/14. Suppose 0 = -4*n + g - 14. Calculate the remainder when n is divided by 4.
3
Suppose 341 + 280 = 9*g. What is the remainder when g is divided by 39?
30
Suppose -102 = 2*a - 2*u, 0 = 2*a - 4*a - u - 87. Let k = 28 - a. Calculate the remainder when k is divided by 26.
22
Let l(s) = -21*s. Suppose 2*o - 3*o = 2*n - 42, 0 = 4*n + 4*o - 80. What is the remainder when l(-2) is divided by n?
20
Suppose -2*h = 3*u - 21, -5*h - 10 = -25. Let j(a) = 6*a + u*a - 1 + 5 + a. Calculate the remainder when j(2) is divided by 10.
8
Calculate the remainder when 3374*1/18 - 56/126 is divided by 27.
25
Suppose 0 = -3*p + 4 + 8. Suppose -p = -x + 9. Calculate the remainder when x is divided by 7.
6
Let k(i) = -i**3 - 7*i**2 - 9*i - 5. Suppose 0*g - 9*g = -27. Suppose g*l + 4*q = 2*l + 16, 98 = 5*l + 2*q. What is the remainder when k(-7) is divided by l?
18
Let f be 3/(-18) + 26/12. Suppose f*w + 12 = 6*w. Suppose 5*i = -5*j, 2*j = -4*i - 3 - 3. Calculate the remainder when j is divided by w.
0
Suppose 5*t + 5598 = 11*t. What is the remainder when t is divided by 78?
75
Suppose 5*x + 2*u = 390, -4*x + 5*u + 208 = -71. Let q = x - 70. Calculate the remainder when 76 is divided by q.
4
Suppose -3*k - 399*o = -402*o - 222, -o + 286 = 4*k. What is the remainder when 354 is divided by k?
66
Calculate the remainder when 67 is divided by (17/(-4) + 3)/((-2)/16).
7
Let u(c) = c**2 - 1. Let m(v) = -4*v**2 + v + 8. Let w(q) = -m(q) - 3*u(q). What is the remainder when w(-3) is divided by 1?
0
Let w(f) = -26*f. Suppose -4*h = h - 3*q - 66, 2*q + 64 = 5*h. Suppose -h*m = -8*m - 196. Calculate the remainder when m is divided by w(-1).
23
Let g be 0*5/(-10) - 3. What is the remainder when 3 + 72/(g + 7) is divided by 1*10 - (-2)/2?
10
Let l = -351 - -403. Calculate the remainder when 100 is divided by l.
48
Let k = -13 + 25. Suppose 15 = 3*o - k. Calculate the remainder when 24 is divided by o.
6
Let p be (-4)/6 - (-56)/(-42). What is the remainder when 38 is divided by (-40)/(-14)*(5 - p)?
18
Suppose -210 = -2*a - 4*l, -5*a + 0*l = -2*l - 513. Wha